 of q**5/20 - 3*q**4/4 - 25*q**3/3 + 25*q**2/2 + 40*q. What is the hundreds digit of n(14)?
3
Let r = -680 - -716. Suppose r*u - 19399 = 17*u. What is the hundreds digit of u?
0
Let g(u) = -6*u**3 + 46*u**2 - 24*u + 136. What is the hundreds digit of g(6)?
3
Suppose 745 = -3*l + 4*v, 0*l + 2*l + 490 = -4*v. Let o = 255 - l. What is the hundreds digit of o?
5
Let k(g) be the third derivative of g**6/120 + g**5/10 - g**4/4 - g**3/6 + 18*g**2. Let l be k(-4). What is the tens digit of l + (0 - 4) - 3?
4
Let i = 887 - 877. Let x(u) be the third derivative of u**6/120 - 11*u**5/60 + 7*u**4/12 + u**3/2 - 2*u**2. What is the tens digit of x(i)?
4
Let g(q) = 28*q + 51. Let i be g(-6). Let s = -51 - i. Suppose -4*m = -4*y + 422 - s, -2*m - 90 = -y. What is the tens digit of y?
8
What is the ten thousands digit of 141320/(-6)*43/(5590/(-234))?
4
Let h = -21473 - -56963. What is the units digit of h?
0
Let r be 3/9 + 1*(-11)/(-3). Suppose 3*f + a - 7 = 0, -4*a - 2 = r*f + 2. Suppose f*o = -0*o + 112. What is the tens digit of o?
2
Let c be (-2)/4 - (-315)/(-14). Let m = c + 15. What is the units digit of -2 + (-1146)/m + 3/4?
2
Let t(r) = -r**3 + 2*r - 4. Let v be (3/5)/((-7)/(-35)). Suppose -2 = v*l + 5*d, d = -4*l + 8*l + 18. What is the units digit of t(l)?
2
Suppose -5*h - 5*n = 70, 5*h + 4*n + 48 + 23 = 0. Let u = 1858 + -1795. Let v = u - h. What is the units digit of v?
8
Let x(m) be the second derivative of 11*m**3/6 + 10*m**2 + 2*m - 8. What is the hundreds digit of x(14)?
1
Let o(k) = -2*k + 9. Let d(l) = -l + 9. Let u(h) = 6*d(h) - 5*o(h). Let x(f) = 4*f - 9. Let q be x(6). What is the tens digit of u(q)?
6
Let t(v) = 47*v + 136. Suppose w = -4*d + 49 + 16, 5*d = 5*w + 75. What is the hundreds digit of t(d)?
8
Suppose -9*j + 416811 = -29*j + 1501851. What is the tens digit of j?
5
Suppose -7*c - 3*i + 452386 = 0, 29*c - 3*i - 64630 = 28*c. What is the thousands digit of c?
4
Suppose -3*z - 4*m + 129821 = 0, 6*z + 3*m = -107108 + 366755. What is the units digit of z?
5
Suppose 0 = 28*d - 31*d + 4*k + 48147, -k + 64196 = 4*d. What is the units digit of d?
9
Suppose -3*y = 5*k - 56841, 0 = y - 77*k + 80*k - 18951. What is the units digit of y?
2
Let r = -48 + 96. Let c be ((-3)/1)/((-12)/r). Suppose 1342 = c*g - 422. What is the units digit of g?
7
Let r = 4398 - -609. What is the thousands digit of r?
5
Suppose -33*d + 14982656 = 223*d. What is the tens digit of d?
2
Let j(v) be the third derivative of -v**6/120 + 4*v**5/15 - 5*v**4/12 + 15*v**3/2 + 138*v**2. What is the tens digit of j(14)?
9
Suppose -307*k + 322*k - 92430 = 0. What is the thousands digit of k?
6
Let q(l) be the first derivative of 37*l**2/2 + 46*l + 66. What is the hundreds digit of q(10)?
4
Let u = 389 - 373. What is the tens digit of (u/(-6))/(66/(-2277))?
9
Let h = -9002 - -24870. What is the tens digit of h?
6
Let p(v) = -v**2 - v. Let a(m) = 2*m**2 - 25*m - 19. Let l(w) = a(w) - 6*p(w). Let d be l(16). What is the tens digit of d/12 + 3/12?
4
Suppose 0 = -2*c + 159*r - 162*r + 60395, 0 = -c - 5*r + 30229. What is the thousands digit of c?
0
Suppose -3*u - 1 = i, 4*u + 12 = -2*i - 2*i. What is the units digit of i/20 - (1 + (-231)/5)?
5
Let y(s) = 10*s**2 + 722*s + 6*s**2 - 393*s - 429*s + 1. What is the hundreds digit of y(10)?
6
Let m(w) = 2*w**2 + 2*w + 1. Let g be m(0). Let s be (g - 227/2)/(6/(-12)). Suppose a - 4*p - 12 = 23, -5*a - 5*p = -s. What is the tens digit of a?
4
Suppose 3*i - 1986 = 4*k, -5*i + 0*i - 1475 = 3*k. Let n = 892 + k. What is the tens digit of n?
9
Suppose 5*q - 24501 = -2*d + 33915, 5*q + 3*d = 58414. What is the units digit of q?
4
Let f(y) be the first derivative of -1/3*y**3 + 22*y - 21/2*y**2 + 21. What is the tens digit of f(-16)?
0
Suppose -5*q - 92 = 83. Let f = q + 35. Suppose 5*r - 27 = u - 130, -r - 4 = f. What is the units digit of u?
3
Let h(m) = m. Let p be h(3). Let d(z) be the first derivative of 5*z**4/4 - 9*z**2/2 + 6*z + 2. What is the tens digit of d(p)?
1
Suppose 48*c - 1378356 = -129*c + 55*c. What is the units digit of c?
8
Let i = -13348 - -27182. What is the units digit of i?
4
Let r be (180435/1840)/((6/(-8))/(-1))*40. Let v(q) = q**2 + 2*q + 5. Let k be v(5). What is the hundreds digit of r/k + (-2)/(-8) - -3?
1
What is the units digit of 18/((474/2129603)/(2/7))?
6
Let c = -471 + 478. Suppose -2*x + 4*s + 2502 = 0, -x + c*s = 3*s - 1261. What is the units digit of x?
1
Let v be -3*16792/(-12) - 8. Suppose 3193 = 23*w - v. What is the tens digit of w?
2
Let p(i) = -7*i + 15. Let m = 13 + 25. Suppose -3*g = -2*d + m, g + g + 34 = -3*d. What is the tens digit of p(g)?
1
Let l be ((-2)/17 - (-3550)/(-170))*-23. Suppose 15*z - 16*z = l. Let p = -316 - z. What is the units digit of p?
7
Suppose 5*f - 62603 = 97*l - 100*l, 7*l - 145985 = f. What is the tens digit of l?
5
Let i(f) = -277*f**3 - 21*f**2 - 40*f + 16. What is the hundreds digit of i(-5)?
3
Let g = -1063 + 743. Let a = 1124 + -623. Let r = g + a. What is the tens digit of r?
8
Let w(k) = k**3 - 7*k**2 - 6*k - 8. Let r(c) = -c**3 + 5*c**2 + 4*c - 9. Let o be r(5). What is the units digit of w(o)?
0
Let y = -516 + 511. What is the tens digit of 3900/91*98/4 + y?
4
Let f(a) = -7*a**2 + 91*a - 71. Let s(l) = 6*l**2 - 90*l + 69. Let r(q) = -5*f(q) - 6*s(q). What is the units digit of r(35)?
1
Suppose -2*c = 3*c + 105. Suppose 0 = 298*q - 275*q + 690. What is the tens digit of (266/c)/(4/q)?
9
Let y(f) be the first derivative of 10*f + 7 + 1/3*f**3 - 7/2*f**2. What is the units digit of y(-6)?
8
Let q = -930 + 940. Suppose -12681 = b - q*b. What is the tens digit of b?
0
Let r(f) = f**3 - 16*f**2 + 19*f - 25. Let q be (-6)/(2 + -8 - -4)*5. What is the units digit of r(q)?
5
Let g = 453 + -444. Suppose g*l - 15525 = -6*l. What is the thousands digit of l?
1
Let o(t) = 5*t**2 + 4*t + t**3 - 3*t**3 + 2*t**3 - 2*t**3. Let g be o(-4). Suppose 0 = 5*b - b - g. What is the tens digit of b?
4
Suppose -66*x - 2223 = 68*x - 135*x. What is the hundreds digit of x?
2
Let c be 4 + (0 - 1) + 24. Let p(i) = -17*i + c - 49*i - 22. What is the units digit of p(-1)?
1
Let i be (-126)/(-4) - (-6)/12. Suppose r + 5 = 0, 2*a - r - 1065 = -i. What is the tens digit of a?
1
Suppose 87*u = 1181269 - 37363 - 155499. What is the units digit of u?
1
Suppose 2*t = -0*t - 4, 4*t = -p + 6508. Suppose 41*s - p = 32*s. What is the hundreds digit of s?
7
Let d(f) = f**2 - 17*f - 2. Let q be d(0). What is the hundreds digit of q - ((-1485)/1)/5?
2
Let x = -90 + 132. Suppose x*j = 1666 + 1862. What is the tens digit of j?
8
Let v(u) = u**3 + 19*u**2 + 22*u + 66. Suppose 0 = l + l - 2*y + 30, -2*l + 4*y - 30 = 0. What is the tens digit of v(l)?
3
Suppose -2*v - 6*v + 81376 = -173864. What is the thousands digit of v?
1
Let t = 23831 + -5267. What is the hundreds digit of t?
5
What is the tens digit of 153009/45*(0 - 100/(-6))?
7
Let d = -197 + 197. What is the tens digit of (d + -1 + -4)*(4 + -65)?
0
Let q be 108/16 + 2/8 - 2. Suppose -q*u - p + 4 = -1, -5*u - 5 = -p. Suppose u = 22*w - 25*w + 354. What is the tens digit of w?
1
Suppose -p = -7 + 5. Suppose 0 = -5*m + 2*y + 23, -m - p*m + 16 = y. What is the units digit of (-11 + 2 + m)*(0 - 1)?
4
Let u(m) = m**2 - m + 3. Let d be 1/2*-8 + -17. Let g be 28/d + 16/(-6). What is the units digit of u(g)?
3
Suppose 30935 - 157103 = -56*o. What is the thousands digit of o?
2
What is the units digit of 23617 + (28 - 56/7)?
7
Suppose 0 = 33*a + 43577 - 119906. Suppose -b = 8*b - a. What is the hundreds digit of b?
2
Suppose -2*q - 2*q = -16. Let p = 438 - 425. Suppose 33 - p = q*m. What is the units digit of m?
5
Suppose y = -d - 0*y + 6, 2*y - 8 = 0. Let j(g) = 11*g - g**d - 5 - 4 - 2 + 3. What is the units digit of j(7)?
0
Suppose -v - 3*j + j = 363, -25 = 5*j. Let m = v - -535. What is the hundreds digit of m?
1
Let v = -115 + 114. What is the tens digit of (6 - 46)/(v/4)?
6
Suppose 7*s - 4930 = 2*s. Suppose -3*l - s = -248. Let j = l + 426. What is the tens digit of j?
8
Suppose 12*c = 8*c - 56. Let g = -6 - c. Suppose 5*p + f - 265 = 0, 3*f - g*f = 25. What is the units digit of p?
4
Suppose 659*u = 577*u + 551754 + 801820. What is the thousands digit of u?
6
Let x = 133 - 132. Let g(d) = 243*d**2 + d - 1. What is the tens digit of g(x)?
4
Suppose -4*